0106611 a composite number?
False
Is 1280857 composite?
False
Is 1059131 composite?
False
Is 74461159 a composite number?
True
Is 967424027 a prime number?
True
Is 2731047581 prime?
True
Is 6294971 composite?
False
Is 2200195 composite?
True
Is 854351 a composite number?
False
Is 148973161 composite?
False
Is 14199053 a composite number?
True
Is 11532799 a composite number?
False
Is 44831311 a prime number?
False
Is 112386721 a composite number?
False
Is 3841132649 a prime number?
True
Is 23377043 a composite number?
True
Is 263946769 a prime number?
True
Is 37009099 a prime number?
True
Is 1223051 a composite number?
False
Is 84423837 composite?
True
Is 39621551 prime?
False
Is 3936133 prime?
False
Is 23224807 a composite number?
True
Is 9273233 composite?
True
Is 32537 a composite number?
False
Is 1483077 a prime number?
False
Is 633377 composite?
False
Is 102815521 a composite number?
True
Is 95428601 a prime number?
True
Is 3499487 composite?
True
Is 45129523 composite?
False
Is 640049 a composite number?
False
Is 12243661 composite?
False
Is 488533 a prime number?
False
Is 741021 a prime number?
False
Is 6001427 a composite number?
False
Is 1277425273 a composite number?
False
Is 64203211 prime?
False
Is 235234949 composite?
False
Is 15514201 a prime number?
True
Is 2414507 a prime number?
True
Is 36976319 prime?
True
Is 266047 composite?
False
Is 170564557 composite?
False
Is 70297823 composite?
True
Is 17146529 a prime number?
True
Is 18825101 a composite number?
False
Is 17979439 a composite number?
False
Is 159214483 a prime number?
True
Is 42406087 composite?
False
Is 31150561 prime?
False
Is 93683 prime?
True
Is 138003587 a composite number?
True
Is 3552757 a composite number?
True
Is 3056281 prime?
False
Is 3600203 a prime number?
True
Is 34676287 a prime number?
False
Is 13692881 composite?
False
Is 15594454 prime?
False
Is 1496027 composite?
True
Is 6344983 a prime number?
True
Is 34461277 composite?
False
Is 531877183 composite?
True
Is 10746277 a prime number?
True
Is 1374662 composite?
True
Is 2637619 prime?
False
Is 20983121 a prime number?
True
Is 139213331 a prime number?
False
Is 10162445 a composite number?
True
Is 534499559 a composite number?
True
Is 28172669 a prime number?
False
Is 327901439 composite?
True
Is 65649053 prime?
False
Is 5473129 a prime number?
False
Is 193580635 a composite number?
True
Is 1371989 a prime number?
True
Is 59215217 a composite number?
False
Is 268823713 a composite number?
False
Is 1472333 a prime number?
True
Is 29364679 a prime number?
False
Is 14379721 a composite number?
False
Is 8223953 prime?
False
Is 180533 composite?
False
Is 33854797 composite?
True
Is 4601381 a composite number?
True
Is 35796863 prime?
False
Is 13801351 a prime number?
True
Is 59812105 prime?
False
Is 61864093 a composite number?
True
Is 2094289 composite?
True
Is 3466349 a composite number?
False
Is 273117289 composite?
True
Is 1541171 composite?
False
Is 9015971 composite?
True
Is 1162741 composite?
False
Is 2247541 prime?
True
Is 342316343 a composite number?
True
Is 8992441 a composite number?
False
Is 1317559 composite?
True
Is 1060861 a composite number?
False
Is 445618055 prime?
False
Is 27959419 a prime number?
False
Is 1898009 a composite number?
False
Is 415691 a composite number?
False
Is 198851 prime?
True
Is 384546199 composite?
False
Is 554503589 a prime number?
True
Is 155427061 prime?
True
Is 15512671 composite?
True
Is 177873607 composite?
False
Is 5274817 a composite number?
False
Is 70000613 a prime number?
True
Is 22930139 prime?
True
Is 273257 a composite number?
True
Is 603868813 a prime number?
False
Is 111915337 prime?
True
Is 558723029 composite?
False
Is 139015109 a composite number?
False
Is 93871651 a composite number?
False
Is 3769133 a composite number?
False
Is 9876017 prime?
True
Is 19147727 a prime number?
False
Is 5105227 prime?
False
Is 514176371 a prime number?
True
Is 2906921 prime?
False
Is 5826857 prime?
False
Is 1385026 a composite number?
True
Is 18028163 a prime number?
False
Is 209597287 a prime number?
True
Is 45225133 composite?
False
Is 34695409 a composite number?
True
Is 2141053 composite?
True
Is 855187 a composite number?
False
Is 3907483 a prime number?
False
Is 13079449 a composite number?
False
Is 4615967 composite?
False
Is 470415971 a composite number?
False
Is 50178691 a prime number?
True
Is 3554611 composite?
False
Is 5410969 a prime number?
False
Is 24605701 a composite number?
True
Is 20491531 prime?
False
Is 140653583 a prime number?
False
Is 2933597 prime?
True
Is 1181632757 composite?
True
Is 1478887 prime?
True
Is 37536553 a composite number?
False
Is 2473631 composite?
False
Is 101102879 a prime number?
False
Is 13484521 a prime number?
True
Is 28687 a composite number?
False
Is 165230753 a composite number?
False
Is 1793529697 a composite number?
False
Is 195084371 a prime number?
True
Is 2413097 composite?
False
Is 1443781 a composite number?
False
Is 134129 a prime number?
True
Is 74840417 a prime number?
False
Is 105946591 a composite number?
True
Is 1609931 a composite number?
True
Is 2265478 prime?
False
Is 65619703 a prime number?
True
Is 10104937 composite?
True
Is 58953962 prime?
False
Is 23256251 a prime number?
True
Is 91580833 prime?
True
Is 134552381 a composite number?
False
Is 138475391 composite?
False
Is 30180791 a prime number?
True
Is 892686467 composite?
False
Is 4905467 a composite number?
True
Is 100413073 a prime number?
True
Is 24377797 a prime number?
False
Is 5168069 a prime number?
False
Is 30085877 a composite number?
True
Is 1267043 a composite number?
False
Is 3713387 composite?
False
Is 2178709 a prime number?
False
Is 644906947 a prime number?
True
Is 35662541 a prime number?
True
Is 79231037 prime?
True
Is 529752943 a composite number?
False
Is 72469549 a composite number?
False
Is 47915617 a prime number?
True
Is 2045311 composite?
False
Is 13651721 a prime number?
False
Is 7380887 composite?
False
Is 17227295 prime?
False
Is 1742233 a composite number?
True
Is 47400409 prime?
False
Is 15823 a composite number?
False
Is 3868841 composite?
True
Is 330459497 composite?
False
Is 21952291 composite?
False
Is 7884993 composite?
True
Is 95056805 composite?
True
Is 713839 prime?
False
Is 3107053 a prime number?
True
Is 136046239 prime?
False
Is 7864667 prime?
False
Is 2008837 prime?
False
Is 6716597 composite?
True
Is 1243247 a prime number?
False
Is 59074273 a composite number?
False
Is 1041823 a composite number?
False
Is 1333313 prime?
True
Is 38343923 prime?
False
Is 3299017 prime?
True
Is 2259587 a composite number?
True
Is 7065107 a composite number?
True
Is 111849077 composite?
True
Is 1484281 composite?
False
Is 564414203 prime?
True
Is 85796197 prime?
False
Is 50208331 prime?
False
Is 46672657 a composite number?
False
Is 2514914 composite?
True
Is 2560202 a composite number?
True
Is 17509117 composite?
False
Is 1082891 a prime number?
True
Is 1092433 a prime number?
True
Is 8685463 prime?
True
Is 141854029 prime?
True
Is 4834283 composite?
True
Is 623417 composite?
False
Is 1879165 a composite number?
True
Is 7564859 prime?
True
Is 153680369 prime?
False
Is 1260953 a composite number?
True
Is 13969559 a composite number?
False
Is 11406335 a prime number?
False
Is 16787987 prime?
True
Is 101102354 a composite number?
True
Is 92278099 a prime number?
False
Is 5767841 composite?
False
Is 52304531 prime?
True
Is 114261467 prime?
False
Is 27694141 a composite number?
False
Is 175316431 prime?
True
Is 56457917 a prime number?
False
Is 155529289 a composite number?
True
Is 24487759 composite?
True
Is 2529749 composite?
False
Is 216893 prime?
False
Is 32151271 prime?
True
Is 111012691 prime?
False
Is 11204359 composite?
True
Is 42721631 a composite number?
True
Is 56006198 a prime number?
False
Is 826891 composite?
True
Is 88431503 a prime number?
False
Is 48102619 composite?
True
Is 36028439 a composite number?
False
Is 6775297 composite?
True
Is 3901199 a prime number?
True
Is 217382239 a prime number?
False
Is 9856741 prime?
True
Is 1977809 composite?
False
Is 5167399 prime?
True
Is 22609837 prime?
False
Is 166673357 a composite number?
True
Is 20345531 a composite number?
False
Is 8221849 a prime number?
False
